(b).
18
What is the remainder when 102 is divided by (17 - 15 - 4)*(-21)/2?
18
Calculate the remainder when (-442)/10*(-20)/2 is divided by 148.
146
Let v be ((-16)/12)/2*-6. Suppose -v = 2*t - 10. Suppose -2*r = 4, -t*j + 3 + 32 = -r. What is the remainder when 42 is divided by j?
9
Let l = 1717 + -1698. What is the remainder when 107 is divided by l?
12
Suppose 26*h - 264 = 4*h. What is the remainder when (8/4)/(4/90) is divided by h?
9
Let h = -8 + 35. Let i(m) = m**2 - m - 20. Suppose 7*y = -53 - 3. What is the remainder when i(y) is divided by h?
25
Let p = 64 + 42. Suppose n + k - p = -k, -545 = -5*n - 5*k. Suppose -n = -4*x - m - m, 3*x - 85 = -m. What is the remainder when x is divided by 8?
5
Let a = 2 - -1. Suppose -a*l + 6 = -180. Let h = 6737 + -6728. Calculate the remainder when l is divided by h.
8
Suppose -6*g + 248 = 170. What is the remainder when 19 is divided by g?
6
Suppose -a - a + 84 = 3*o, -4*a = -3*o - 132. Calculate the remainder when a is divided by 14.
8
Suppose 0 = -101*l + 93*l + 328. Calculate the remainder when 135 is divided by l.
12
Let m(q) = 58*q + 4. Let o(u) = -58*u - 3. Let z(k) = -4*m(k) - 5*o(k). Let h = -87 - -107. Calculate the remainder when z(1) is divided by h.
17
Suppose 0 = k + 4*k. Suppose 3*b + 96 = 3*c, -5*b + 19 - 4 = k. Calculate the remainder when (-2)/(-5) + (-1366)/(-10) is divided by c.
32
What is the remainder when 104 is divided by (-4)/1 - 1*(-48 + 5)?
26
Let d = -27 - -136. Let z = d - 68. Calculate the remainder when z is divided by 6.
5
Suppose -3*o + 3*d + 36 = 0, -d + 48 + 15 = 4*o. Let b = o - 12. Calculate the remainder when 22/4 + (-2)/(-4) is divided by b.
0
Suppose -2*p = -3*p - 1. Let y be p/(((-28)/32)/7). Let x = -4 + y. Calculate the remainder when 17 is divided by x.
1
Let c(b) = b**3 - 3*b**2 + 3*b + 5. Let n be c(4). Let u = n - 13. Calculate the remainder when 4/(-3)*(-87)/2 is divided by u.
18
Suppose 5*p - 101 = -4*x, 0 = 2*x + 2*p - p - 43. Suppose -67*o + 69*o = 122. Let z = -26 + o. What is the remainder when z is divided by x?
16
Let o(x) = x**3 - 4*x**2 + x - 72. Calculate the remainder when 393 is divided by o(8).
9
Suppose p - 3*c = 5*p + 150, -5*p = -2*c + 199. Let r = p + 77. What is the remainder when r is divided by 20?
18
Suppose 0 = -4*l + 72 + 68. Suppose -22*q + 3536 = -5*q. Calculate the remainder when q is divided by l.
33
Let r(o) = 4*o**2 + 20*o + 65. Let z(c) = -c**3 - 11*c**2 + 8*c - 15. Calculate the remainder when r(-8) is divided by z(-12).
29
Let k(a) = 161 + a**2 - 15*a - 161. Let n be k(15). What is the remainder when (0 + n - 0) + 35 is divided by 6?
5
Let h be 2 - -3*8/12. Suppose 0 = d + h*b - 62, -b + 4*b = 6. Calculate the remainder when d is divided by 11.
10
Let d(p) be the first derivative of p**3/6 + 5*p**2/2 - 7*p + 2. Let s(y) be the first derivative of d(y). Calculate the remainder when 22 is divided by s(3).
6
Let x(v) = -7*v - 11. Calculate the remainder when x(-4) is divided by 11.
6
Let x = -32 - -64. Calculate the remainder when x is divided by 136/14 + -10 + 242/14.
15
Suppose -97 + 13 = -21*q. What is the remainder when 44 is divided by q?
0
Suppose -29*b + 8 = -25*b. What is the remainder when (2/4)/(7/56) is divided by b?
0
Let z(d) = d**2 + 4*d + 27. What is the remainder when z(9) is divided by 66?
12
Let h = -707 + 797. Suppose -2*m = -5*m + 69. Calculate the remainder when h is divided by m.
21
Suppose -u + 2 = 6, -5*c + 444 = -u. Calculate the remainder when c is divided by 39.
10
Suppose c = -i + 7, -2*i + 0*c + 14 = c. Calculate the remainder when 461 is divided by i.
6
Let v(x) = 6*x**2 + 24*x + 8. Calculate the remainder when 77 is divided by v(-5).
1
Suppose -2*i - 342 = -20*i. Calculate the remainder when 29 is divided by i.
10
Let u = -104 + 107. Calculate the remainder when 8 is divided by u.
2
Suppose -3*z + 418 = 2*k, 4*k = -2*z + 710 + 110. What is the remainder when k is divided by 53?
44
Let h = -341 - -365. What is the remainder when 95 is divided by h?
23
Let p(w) be the third derivative of -w**4/24 + 5*w**3/6 - 19*w**2. Calculate the remainder when 23 is divided by p(-7).
11
Suppose w - 2*o - 111 = 0, -48*o - 103 = -w - 50*o. Calculate the remainder when w is divided by 12.
11
Suppose 44 = 4*f - 32. Suppose -f*p - 3 = -20*p. What is the remainder when -4*(-1)/2 + 4 is divided by p?
0
Suppose -25 = -3*r - 4. Suppose -2*a = -2*s + 22, -2*s + 11*a - r*a + 22 = 0. What is the remainder when s is divided by 7?
4
Let i = 6 - 2. Let p = 6525 + -6515. Calculate the remainder when p is divided by i.
2
Let z be ((-39)/26)/(6/(-20)). Suppose -3*v + 4*u + 153 = 2*v, 3*v - z*u = 97. What is the remainder when v is divided by 5?
4
What is the remainder when (-3)/(-12) + 67/4 is divided by 8 + (-1)/((-1)/(-4))?
1
Let l(j) = j**2 - 7*j + 7. Let y = -4 + 9. Let g be l(y). What is the remainder when 55 is divided by ((-32)/(-12) + g)*-57?
17
Suppose -4*p + 113 = -27. What is the remainder when 12 is divided by -1 - -6 - 0 - (35 - p)?
2
Let g(c) = 95*c**2 + 4*c + 5. Let s be g(-2). Suppose 12*w - s + 29 = 0. What is the remainder when w is divided by 6?
5
Let k(g) = 2*g**3 + 82*g**2 - 9*g - 215. What is the remainder when 607 is divided by k(-41)?
145
Let k be 15/(-3)*(-192)/40. Let g = 44 - k. Let n = -16 + g. Calculate the remainder when 15 is divided by n.
3
Suppose -20*n + 113 + 27 = 0. What is the remainder when 27 is divided by n?
6
Let j(r) = r**2 - 5*r + 6. Let a be j(3). Suppose a = 3*h + 2*h + 5, -x - h = -10. What is the remainder when 31 is divided by x?
9
Suppose -6*k + 203 = -259. Calculate the remainder when k is divided by 42.
35
Let k be 8/((-16)/(-6))*-3. Calculate the remainder when 0/k + 1 + 20 is divided by 5.
1
Let f(k) = -8*k + 80. What is the remainder when 85 is divided by f(8)?
5
Suppose 0 = -64*v + 69*v - 140. Calculate the remainder when v is divided by 10.
8
Let i(p) = 106*p + 2*p**2 - 99*p + 1 + 1. What is the remainder when 23 is divided by i(-4)?
5
Suppose -j - 5*l - 14 = -2*j, 3*l = -9. Let p = 7 + j. What is the remainder when 22 is divided by (p/6)/(1/8)?
6
Suppose 6*g + 123 = 8*g + 5*m, g - 60 = -m. What is the remainder when g is divided by 12?
11
Let z be -1*4/24 + (-6)/(-36). Suppose 4*t + n = -4*n + 27, 5*t + 3*n - 50 = z. Calculate the remainder when 59 is divided by t.
7
Let j(x) = x**2 + 16*x + 24. Let g be j(-17). Suppose 3*a - g = 22. Calculate the remainder when a is divided by 8.
5
Suppose 3*w = -w - 44. Let x = 23 + w. Let g = 21 - x. Calculate the remainder when g is divided by 6.
3
Let f(t) = -t**3 - 7*t**2 + 3*t + 16. Let w be f(-7). Calculate the remainder when ((-264)/w)/((27/(-30))/(-3)) is divided by 45.
41
What is the remainder when 412 is divided by 12/((-576)/(-520)) - (-1)/6?
5
Suppose -566 = 3*w - 668. Calculate the remainder when 54 is divided by w.
20
Let l = -42 + 81. Let b(f) be the first derivative of -f**4/4 - f**3 + f**2/2 + 2*f - 1. Calculate the remainder when l is divided by b(-4).
11
Suppose -3*y + 4 = 5*f - 4, 2*f = -5*y - 12. Let a be 20/5 + -1*f. What is the remainder when 66 is divided by (-34)/((-1)/(1 + a))?
32
Let d(f) = f**2 - 30*f + 24. Calculate the remainder when 172 is divided by d(30).
4
Let z = -211 - -334. What is the remainder when z is divided by 32?
27
Let r(w) = w**2 - 9*w - 3. Let s be r(6). Let o = s - -35. What is the remainder when o is divided by 3?
2
Let p(y) = y**2 - y - 11. Suppose -32 = -2*w - 2*w. Suppose 4*k + 3 = z, 5*z + k = 65 - w. What is the remainder when p(-6) is divided by z?
9
Let y(a) = -8*a + 7 + 26 + 5*a - 10. Suppose 3*d = 5*q + 16, -2*q + 1 + 1 = 0. What is the remainder when d is divided by y(7)?
1
Let r = 946 - 821. Calculate the remainder when r is divided by 69.
56
Suppose -2*d + 10*c + 16 = 15*c, 5*d = -2*c + 61. Calculate the remainder when 256 is divided by d.
9
Let j be (-13)/(-3) - (-1)/(-3). Let f = -11 + 28. Suppose j*t = 3 + f. What is the remainder when 12 is divided by t?
2
Suppose -78 = -3*f - m, 0 = 2*f + 2*m - 45 - 3. Suppose 4*r + 28 = -w + 37, -2*w = -5*r - 18. Calculate the remainder when f is divided by w.
0
Suppose 453 = 9*v - 3255. Calculate the remainder when v is divided by 42.
34
Let s = 2499 - 1311. Suppose s = 5*g + 4*g. What is the remainder when g is divided by 27?
24
L